- 2847. Calculate z(-73).
0
Let y(p) = 553*p - 8838. What is y(16)?
10
Let a(n) = -5*n + 153. What is a(33)?
-12
Let z(r) = -r**2 + 19*r + 143. Give z(34).
-367
Let j(o) = o**3 + 71*o**2 + 126*o - 73. Give j(-69).
755
Let a(k) = -9*k**2 - 2*k - 11. Calculate a(-4).
-147
Let j(r) = -r**3 + 2*r**2 + 4*r - 39. Give j(4).
-55
Let t(u) = 21*u - 558. What is t(31)?
93
Let s(g) = -2*g**2 - 346*g - 8576. Calculate s(-30).
4
Let m(z) = 9734*z + 9703. Calculate m(-1).
-31
Let r(y) = -85*y + 49. What is r(0)?
49
Let t(l) = 43*l - 55. Give t(-1).
-98
Let d(g) = 174*g + 1304. Give d(-8).
-88
Let q(s) = s**3 - 79*s**2 + 86*s - 614. What is q(78)?
10
Let d(f) = -121*f**2 + 11*f + 15. What is d(-1)?
-117
Let m(d) = -d**3 + 5*d**2 - 14*d + 145. What is m(7)?
-51
Let u(w) = 2*w**2 - 184*w + 2554. Calculate u(75).
4
Let i(b) = -b**3 - 14*b**2 - 19*b - 263. Calculate i(-14).
3
Let n(s) = -3*s**3 - 61*s**2 - 28*s - 150. Calculate n(-20).
10
Let h(u) = -1442*u - 1428. Give h(-1).
14
Let y(s) = -s**3 - 63*s**2 - 58*s + 193. Calculate y(-62).
-55
Let o(c) = -c**2 - 99*c + 4691. Determine o(35).
1
Let j(n) = -4*n**3 + 7*n**2 + 36*n + 46. What is j(-4)?
270
Let g(c) = 6*c**2 + 40*c + 151. Calculate g(-6).
127
Let x(y) = y**2 + 193*y + 1833. What is x(-10)?
3
Let d(k) = 13*k**2 + 17*k - 9. Calculate d(0).
-9
Let z(j) = -2*j**3 - 3*j**2 - 2*j + 26. Determine z(2).
-6
Let p(i) = -i**2 - 314*i - 1873. Calculate p(-6).
-25
Let s(n) = -n**3 - 13*n**2 + 31*n - 65. Determine s(-16).
207
Let j(y) = -185*y + 1921. What is j(11)?
-114
Let g(h) = -2*h**3 + 40*h**2 - 41*h + 259. Determine g(19).
202
Let f(s) = -2*s**2 - 29*s - 44. Determine f(-11).
33
Let y(c) = 17*c - 13. Give y(-5).
-98
Let g(s) = s**3 + 5*s**2 - 4*s + 18. Calculate g(-5).
38
Let t(b) = -65*b**2 + 649*b + 23. Determine t(10).
13
Let w(g) = 3*g**3 - 15*g**2 + 10*g - 7. What is w(6)?
161
Let d(x) = 2*x**2 - 10*x + 224. What is d(13)?
432
Let u(k) = -35*k + 73. What is u(7)?
-172
Let y(s) = -226*s**2 + 4*s + 4. Determine y(-1).
-226
Let s(x) = -x**3 - 72*x**2 - 341*x + 39. Determine s(-5).
69
Let g(v) = v**3 - 15*v**2 + 11*v + 37. Give g(14).
-5
Let q(w) = -w**2 + 225*w + 1387. Calculate q(-6).
1
Let p(h) = 3*h**3 - 20*h**2 + 36*h + 8. Give p(2).
24
Let l(u) = u**2 + 86*u + 396. Calculate l(-5).
-9
Let t(l) = l**3 - 5*l**2 - 104*l + 27. Determine t(12).
-213
Let z(u) = 2*u**3 - 22*u**2 + 33*u + 70. Determine z(8).
-50
Let m(n) = n**2 - 102*n + 1956. Calculate m(78).
84
Let u(f) = -3*f**3 + 23*f**2 - 6*f + 66. Determine u(8).
-46
Let z(s) = -159*s - 3132. Determine z(-19).
-111
Let g(k) = 12*k**3 + 4*k**2 + 4*k - 9. Determine g(2).
111
Let n(u) = 83*u + 3726. Give n(-46).
-92
Let c(j) = 27*j + 300. Give c(-11).
3
Let a(q) = 23*q**2 + 126*q + 103. Calculate a(-1).
0
Let t(z) = 14*z + 345. Calculate t(-26).
-19
Let r(w) = w**2 - 55*w + 274. Determine r(49).
-20
Let h(z) = z**3 - 14*z**2 + 41*z - 10. What is h(4)?
-6
Let x(q) = -q**2 - 17*q + 1196. Determine x(-44).
8
Let s(i) = -4*i - 180. Calculate s(-44).
-4
Let o(t) = 1306*t + 23498. Give o(-18).
-10
Let r(z) = 9*z**3 - 394*z**2 - 84*z - 181. Determine r(44).
-5
Let c(w) = -830*w - 30716. Give c(-37).
-6
Let z(f) = -f**3 + 3*f**2 + 9*f - 10. Calculate z(4).
10
Let r(d) = d**3 + 18*d**2 + 88*d - 38. What is r(-9)?
-101
Let d(c) = 29*c + 1943. Determine d(-43).
696
Let l(r) = -r**2 - 73*r + 558. What is l(-80)?
-2
Let f(b) = b**3 - 53*b - 415. Calculate f(-6).
-313
Let m(a) = -64*a - 140. What is m(-2)?
-12
Let m(x) = 650*x - 4533. What is m(7)?
17
Let a(s) = -s**3 + 17*s**2 - 14*s - 17. Calculate a(16).
15
Let s(f) = -143*f**3 - 5*f**2 + 65*f - 60. What is s(1)?
-143
Let u(v) = -933*v - 1958. Calculate u(-2).
-92
Let c(n) = 3*n**2 + 675*n + 2660. Calculate c(-4).
8
Let f(c) = c**2 + 222*c - 1287. What is f(6)?
81
Let z(i) = -2*i**3 + 9*i**2 + 3477*i - 47. Give z(44).
-3
Let b(j) = -72*j**2 + 22*j + 29. Calculate b(2).
-215
Let x(n) = 224*n + 8649. Give x(-39).
-87
Let x(h) = h**2 + 6*h - 208. Give x(-19).
39
Let r(q) = 2*q**2 - 6*q - 142. What is r(8)?
-62
Let z(o) = -4*o**3 - 18*o**2 + 11*o + 29. Calculate z(-1).
4
Let c(h) = 2*h**2 - 66*h + 52. Give c(21).
-452
Let w(z) = -z**3 + 107*z**2 + 231*z - 1438. What is w(109)?
-21
Let q(o) = 15*o + 2086. Determine q(-136).
46
Let n(g) = 185*g - 179. Determine n(1).
6
Let n(v) = v**3 + 141*v**2 + 148*v + 1114. Give n(-140).
-6
Let g(x) = 72*x - 1033. Determine g(5).
-673
Let u(b) = b**2 - b - 57. What is u(-13)?
125
Let a(n) = -499*n + 23. Calculate a(0).
23
Let q(c) = c**3 - 2*c**2 - 14*c + 98. Calculate q(5).
103
Let c(o) = -3*o**2 - 7*o - 22. What is c(5)?
-132
Let t(s) = 2*s**2 + 27*s - 98. Determine t(-15).
-53
Let y(u) = -u**3 - 43*u**2 - 78*u - 49. Calculate y(-41).
-213
Let j(t) = -18*t**2 + 243*t + 13. Give j(14).
-113
Let y(z) = 154*z**2 - 1845*z - 49. Calculate y(12).
-13
Let t(x) = -x**3 + 59*x**2 + 537*x - 66. Calculate t(67).
1
Let k(o) = 2*o**2 + 83*o + 544. Determine k(-30).
-146
Let u(y) = 40*y + 296. What is u(-5)?
96
Let i(l) = 359*l + 10762. Give i(-30).
-8
Let w(n) = -2*n**2 + 14*n - 63. What is w(6)?
-51
Let r(m) = 3*m + 14. Calculate r(-20).
-46
Let h(g) = 2*g**2 + 17*g + 41. Determine h(4).
141
Let k(h) = h**3 - 32*h**2 + 89*h + 9. Determine k(29).
67
Let s(c) = -3*c**2 - 69*c + 110. What is s(5)?
-310
Let q(y) = y**3 + 69*y**2 - 368*y + 159. Give q(-74).
11
Let p(u) = u**2 + 33*u + 186. What is p(-18)?
-84
Let f(h) = 7*h**2 - 16*h - 41. Calculate f(-4).
135
Let n(i) = 3*i**2 + 21*i + 29. Determine n(-3).
-7
Let w(q) = 15*q**2 + 66*q - 82. What is w(-5)?
-37
Let s(x) = -x**2 + 58*x - 820. Give s(24).
-4
Let h(c) = -4*c - 47. Give h(-18).
25
Let b(v) = -v**3 - 72*v**2 + 72*v - 71. Determine b(-73).
2
Let n(w) = -w**2 + 217*w + 3237. Determine n(-14).
3
Let p(z) = z**3 - 12*z**2 + 35*z - 466. What is p(12)?
-46
Let r(f) = f**2 - 31*f + 8. Give r(20).
-212
Let d(o) = -26*o - 2011. Give d(-49).
-737
Let a(d) = d**3 - 16*d**2 - 16*d + 236. Calculate a(16).
-20
Let c(t) = -131*t**3 + 3*t**2 - 7*t + 6. Give c(1).
-129
Let w(m) = -942*m - 16018. What is w(-17)?
-4
Let k(l) = 3*l**2 + 20*l + 263. Give k(-20).
1063
Let u(f) = -f**3 - 6*f**2 + 8*f + 68. Determine u(-7).
61
Let g(p) = -7*p**2 - 28*p - 171. Calculate g(-9).
-486
Let x(i) = 1636*i + 44174. Determine x(-27).
2
Let k(m) = -2*m**3 + 2*m**2 - 38*m + 102. Give k(3).
-48
Let k(j) = -145*j - 358. What is k(-4)?
222
Let r(d) = -18*d**2 + 145*d + 29. Give r(8).
37
Let w(k) = -k**2 - 16*k - 66. Calculate w(-15).
-51
Let w(a) = a**3 - a**2 - 544*a - 3016. Calculate w(-6).
-4
Let u(v) = 1351*v**2 + 10804*v - 30. Determine u(-8).
2
Let j(m) = m**2 - 160*m - 479. Calculate j(-3).
10
Let x(g) = 2*g**3 - 61*g**2 + 27*g - 42. Determine x(30).
-132
Let t(x) = 3*x**2 - 24*x + 98. Determine t(12).
242
Let q(y) = 2*y**2 + 78*y - 107. What is q(-33)?
-503
Let x(p) = -p**3 - 14*p**2 - 42*p - 203. Determine x(-11).
-104
Let t(r) = r**3 - 31*r**2 + 1659*r - 46435. Give t(29).
-6
Let d(q) = -224*q - 3355. Give d(-15).
5
Let j(b) = b**3 - 10*b**2 + 4*b + 27. Determine j(7).
-92
Let y(g) = 31*g**3 + g**2 + 5*g + 5. Calculate y(-2).
-249
Let v(m) = m**2 + 19*m - 74. Calculate v(4).
18
Let h(x) = -16*x**3 + x**2 - 47*x - 102. Calculate h(-2).
124
Let x(b) = -3*b**2 + 87*b - 91. Give x(28).
-7
Let u(v) = 4*v**2 - 174*v + 251. Determine u(42).
-1
Let r(v) = 941*v - 84686. Determine r(90).
4
Let m(y) = y**2 - 55*y + 510. Determine m(13).
-36
Let v(a) = -a**2 + 27*a + 102. Calculate v(21).
228
Let j(r) = -32*r**2 - 194*r - 9. Calculate j(-6).
3
Let a(g) = -g**2 + 50*g + 204. Give a(58).
-260
Let k(x) = -x**3 + 42*x**2 - 125*x + 1806. Give k(40).
6
Let d(m) = m**3 - 12*m**2 + 511*m - 2376. Give d(5).
4
Let c(l) = 68*l**3 - 235*l**2 - 236*l - 1. Determine c(-1).
-68
Let u(z) = -41*z + 30. What is u(-5)?
235
Let j(s) = -2*s**3 + 86*s**2 + 13. Calculate j(43).
13
Let q(v) = v**2 + 255*v + 746. What is q(-3)?
-10
Let k(s) = -s**2 + 25170*s + 3. Determine k(0).
3
Let g(s) = -54*s + 73. What is g(2)?
-35
Let y(s) = 2*s**2 - 308*s - 1253. What is y(158)?
11
Let w(b) = 4*b**2 - 4*b + 38. Determine w(-7).
262
Let d(o) = -72*o - 1216. Calculate d(-17).
8
Let d(m) = -m**2 + 56*m - 2. What is d(56)?
-2
Let i(t) = -1248*t - 310759. Calculate i(-249).
-7
Let s(x) = x**3 - 159*x**2 - 325*x 